+ 6 = 0. Let c be 16/(-12) - (-2)/6. Let x = c + 12. Calculate the remainder when x is divided by r.
5
Calculate the remainder when 34 is divided by ((-3)/((-3)/14) - 1) + 0.
8
Let r be -4*(-7)/(28/3). Suppose -4*i = -0*i. Let s = r + i. What is the remainder when s is divided by 2?
1
Suppose z + 4*i = -2*z + 15, -i + 10 = 2*z. Suppose -34 = -z*s + 231. Calculate the remainder when s is divided by 18.
17
Let d = 12 - 9. Calculate the remainder when 8 is divided by d.
2
Let s be ((-5)/(-4))/((-1)/(-4)). Suppose -5*m = -2*y - 0*m - 1, 4*y + s*m = 43. Let q = -20 - -23. Calculate the remainder when y is divided by q.
1
Suppose 51 = 6*p + 9. What is the remainder when 12 is divided by p?
5
Let h = -12 + 66. Suppose -3*w + 15 = -69. Calculate the remainder when h is divided by w.
26
Let f(z) = z**3 - z + 2. Let t be f(0). Suppose t + 3 = x. What is the remainder when x is divided by 4 + -1 - (-1 - -1)?
2
Suppose -14*q + 9*q = -75. What is the remainder when 28 is divided by q?
13
Suppose -6*w + 10 = -5*w. Calculate the remainder when 37 is divided by w.
7
Suppose u - 41 = -2*u + 2*q, -q - 73 = -5*u. Calculate the remainder when 100 is divided by u.
10
Suppose 0 = -3*q + 6 + 6, -3*g + 80 = -4*q. Suppose -87 + 148 = z. What is the remainder when z is divided by g?
29
Let o(p) = p**2 + 10. Let a(g) = 2*g - 9. Let b be a(7). Suppose 0 = b*s + c - 2*c - 1, 3*s - c = 1. Calculate the remainder when o(s) is divided by 4.
2
Suppose 2*y + 4 = 2, 3*y = -3*v + 36. Suppose -4*p + 0*f = 4*f - 172, 0 = p - f - 33. Calculate the remainder when p is divided by v.
12
Let j = 12 + -4. Let n = 2 + -1. Calculate the remainder when -3*(n - (-51)/(-9)) is divided by j.
6
Calculate the remainder when 29 is divided by (-43)/(-3) - (-8)/12.
14
Let t = -33 - -49. Suppose 3*h - 2*z - 180 = 0, 4*h = -2*z + 288 - 48. What is the remainder when h is divided by t?
12
Let k(x) = -x**3 + 7*x**2 - 4*x + 3. Calculate the remainder when 43 is divided by k(6).
13
Let y = 23 - 1. Calculate the remainder when 63 is divided by y.
19
Suppose 2*p + 0*p + 3*q - 4 = 0, 4*p - 2*q = 24. What is the remainder when 23 is divided by p?
3
Calculate the remainder when 4*-3*(-11)/3 is divided by 12.
8
Suppose 0 = -s - 3*s + 428. Let w = s + -61. Calculate the remainder when w is divided by 16.
14
What is the remainder when 9 is divided by 4/8*24/4?
0
Suppose -2*c + 0*g + 11 = -5*g, 0 = -3*g + 15. Suppose 0*y - 15 = -3*y. Calculate the remainder when c is divided by y.
3
Let k = -45 - -57. Calculate the remainder when 82 is divided by k.
10
Let r(x) = 15*x - 10. What is the remainder when r(4) is divided by 18?
14
Let h = -5 + 11. Suppose -3*u + 9 = c, 5*u - 23 = 3*c + h. What is the remainder when ((-38)/c)/((-2)/(-3)) is divided by 10?
9
Suppose 2*m - 64 = 2*u - 18, -4*m - 2*u + 62 = 0. Let w = 34 + 1. What is the remainder when w is divided by m?
17
Suppose -3*w + 8*w - 29 = 2*h, -2*h + w - 9 = 0. Calculate the remainder when 41 is divided by 8/4 + 14 + h.
13
Let m(h) = -h**3 - 5*h**2 + 4*h + 5. Let o be m(-4). Let x = o - -45. What is the remainder when 17 is divided by 368/36 + (-4)/x?
7
Let h(a) = 64*a - 2. Let t be h(4). Let v = t + -121. Calculate the remainder when v is divided by 34.
31
Let t be ((-12)/(-8))/(2/12). Let n be 320/(-18) + (-2)/t. Calculate the remainder when (-220)/n + 4/(-18) is divided by 7.
5
Suppose -5*w + 72 = -193. Suppose -2*s = -2*a - 0*a + 32, 2*s = 5*a - 80. Suppose 2*c - a = 20. What is the remainder when w is divided by c?
17
Let i be 5 - ((-1)/1 + 1). Let m(x) = x**2 - x - 6. What is the remainder when 54 is divided by m(i)?
12
Let f = -13 + 18. Let c be 891/15 + (-4)/10. Suppose 5*m = o + 2*o + c, -2*m = 3*o - 32. What is the remainder when m is divided by f?
3
Let h(d) = -17*d + 6. What is the remainder when h(-3) is divided by 12?
9
What is the remainder when -3 - (9/3 + -47) is divided by 7?
6
Let j(t) = -t**2 - 9*t + 4. Let z be -1*4 + (-3 - -3). Let s be z - 2*(3 - 2). Calculate the remainder when j(s) is divided by 8.
6
Suppose 2*g - 32 = g. What is the remainder when g is divided by 7?
4
Let q(t) = 2*t**2 - 3*t - 10. Calculate the remainder when 35 is divided by q(-2).
3
Suppose 3*d + 180 = 9*d. What is the remainder when d is divided by 11?
8
Suppose -j = -6*j + 210. Calculate the remainder when j is divided by 22.
20
Let h(l) = -3*l**3 + l**2 + 3*l + 2. Suppose 2*u = -6 + 72. Suppose 26 = -3*i + 5*x, -5 = -4*i + 5*x - u. Calculate the remainder when h(i) is divided by 13.
11
Let q(j) = j**2 - 6*j - 2. Let l be q(7). Suppose 9*x - 16 = l*x, -5*s = x - 39. Let z(t) = 2*t**2 + 5*t + 1. What is the remainder when z(-4) is divided by s?
6
Let n(g) be the third derivative of g**6/120 + 2*g**5/15 + g**4/8 - 4*g**3/3 - g**2. Calculate the remainder when n(-6) is divided by 24.
22
Suppose 5*r + 2*i - 40 = 1, -5*i - 1 = r. What is the remainder when 34 is divided by r?
7
Let z = 17 + -11. What is the remainder when 29 is divided by z?
5
Let n = 54 + -32. What is the remainder when n is divided by 9?
4
Suppose 5*r = 7*r - 12. Calculate the remainder when 22 is divided by r.
4
Let p = -8 + 57. Suppose 5*s - s = -5*m - 15, -3*s - 12 = 4*m. Suppose s = -5*y + 16 + p. Calculate the remainder when 50 is divided by y.
11
Suppose 33 = x - 2*l, 0 = -4*x - l - 2*l + 99. What is the remainder when 54 is divided by 36/x*21/2?
12
Let v(k) = 4*k - 6. Let a(j) = -2*j - 6. Let q be a(-5). Let c = 68 + -40. What is the remainder when c is divided by v(q)?
8
Let c = 14 - 6. Suppose c = -n + 25. Calculate the remainder when 32 is divided by n.
15
Let q(m) = -m**2 + 0*m + 0*m. Let u be q(0). Suppose 0 = -g - u*g + 38. Calculate the remainder when g is divided by 13.
12
Let c = 80 - 70. Calculate the remainder when c is divided by 7.
3
Let p = 36 + -24. Let l(d) = 45*d - 2. Calculate the remainder when l(1) is divided by p.
7
Suppose 4*q = 23*q - 2090. Calculate the remainder when q is divided by 37.
36
Let v = -8 + 8. What is the remainder when v + 9 + -3 + -3 is divided by 1?
0
Suppose 0 = v + t - 10, 2*v + t - 17 = -4*t. Suppose -y + v = -11. Suppose 5*c = -2 + y. Calculate the remainder when 6 is divided by c.
2
Suppose -4*g + 62 = -3*g. Let u = -13 + g. Calculate the remainder when u is divided by 26.
23
Suppose -12 = -2*y - 2*y + 4*t, 0 = 3*y - t - 1. Let n = y + 58. What is the remainder when n is divided by 12?
9
Calculate the remainder when 33 is divided by (-1)/(-2)*2 + 57/3.
13
What is the remainder when 12/(44/8 - 4) is divided by 6?
2
Suppose 0 = -3*z + 5*z - 4. Suppose 5*y = t + z*t - 72, -4*t - 4*y + 128 = 0. What is the remainder when t is divided by 10?
9
Suppose -i - v + 45 = 0, -2*v = -3*i + 7*i - 180. Suppose -i = -2*l - l. Calculate the remainder when l is divided by 6.
3
What is the remainder when 0/6 + (-1 - (-47 + -1)) is divided by 12?
11
Suppose 3*m = -m. Suppose -2*c - 3*c + 20 = m. Suppose -4*k = c*h - 12, -5*k + 9 - 1 = -2*h. Calculate the remainder when 2 is divided by k.
0
Let r = 4 + -2. Suppose 5 = -5*x + 5*t, x + 2*t - 13 = -2. Suppose 2*l + 14 = 3*p, 8 = -4*p - x*l - l. What is the remainder when p is divided by r?
0
Calculate the remainder when ((-8)/6)/((-1)/51) is divided by 18.
14
Suppose 195 = 17*s - 12*s. Let p(z) = 9*z + 1. Calculate the remainder when s is divided by p(1).
9
Let w(s) be the first derivative of s**3/3 + 5*s**2/2 - 10*s + 2. What is the remainder when 9 is divided by w(-7)?
1
Suppose -4*r = -0*r - 4. Calculate the remainder when 131/7 - 4/(-14) is divided by (-1)/(-2)*r*20.
9
What is the remainder when 2/(-7) - (-471)/7 is divided by 17?
16
Suppose -3*v + 49 = -65. What is the remainder when v is divided by 10?
8
Suppose -4*z = 2 - 10. Suppose 3 = f - z*f + t, 10 = -2*f + t. Let q(s) = -2*s - 3. What is the remainder when q(f) is divided by 4?
3
Suppose 0 = -5*u + 77 + 8. What is the remainder when 66 is divided by u?
15
Let j(z) = 4*z + 1. Let d be j(1). Suppose 0 = -d*s - 2*x + 224, 0*x - x = 3. What is the remainder when s is divided by 24?
22
Suppose -2*l = -4*g + 3*l + 225, 0 = g + 5*l - 75. What is the remainder when g is divided by 21?
18
Suppose 5*j + 1 = -b, -3*j + j - 4 = 4*b. Suppose 5*h - 5*i - 60 = j, 4*h + 3*i = 77 - 8. What is the remainder when 27 is divided by h?
12
Suppose -5*v + 82 = w + 8, -2*w - 2 = 0